ine o(j).
17
Suppose -5*z - 8 = 12, 4*m - 96 = z. Let t(i) = -2*i**2 - 49 + 3*i**3 - i**3 + m - i + 24. Calculate t(2).
4
Let k(j) = j**2 - 4*j + 3. Let u(i) = i + 2. Let x = -1 + 3. Let t be u(x). Suppose -g + 16 = 3*g + t*o, -3*o = -g + 4. Give k(g).
3
Let y(f) = -132*f + 39. Let z(b) = 66*b - 20. Let k(u) = -6*y(u) - 11*z(u). Let d(w) = -22*w + 5. Let j(a) = 11*d(a) + 4*k(a). What is j(1)?
21
Let t(u) be the first derivative of u**3/3 - 4*u**2 - 4*u - 26. Suppose 3*x - 9 = 9. Determine t(x).
-16
Let d be ((-1)/(-4))/(4/112). Let v(a) = -a**3 + a. Let c(t) = 3*t**3 - 8*t**2 + 6*t - 10. Let w(p) = -c(p) - 2*v(p). Give w(d).
3
Suppose 0 = -3*z - 4*k - 22, k = z + z. Let p(v) be the third derivative of -v**4/24 + v**3/6 - 36*v**2. Give p(z).
3
Let q(u) = 3*u + 7*u + 11*u - 2 - u**2 - 16*u. Let n be q(3). Let x(w) be the third derivative of w**5/60 - w**4/8 + w**3/3 + 2*w**2. Give x(n).
6
Let c(k) = k**3 - 5*k**2 - 8*k + 6. Let s = -35 + 50. Suppose -3*l + s = -4*m + 5, -3*m = -2*l + 6. What is c(l)?
-6
Suppose 0 = -0*b + 3*b - 5*v - 2, -v - 1 = 0. Let o(c) be the second derivative of 3*c**3/2 - c**2/2 + 170*c. What is o(b)?
-10
Let z(a) = -399*a - 9. Let d(l) = -930*l - 19. Let o(t) = -3*d(t) + 7*z(t). Let s(g) = -3*g + g - g - 1. Let f be s(1). Determine o(f).
6
Suppose 8*h - 4*h = 16. Let s(v) = v**3 - 2*v**2 - 7*v + 6. What is s(h)?
10
Suppose -54*j + 47*j + 56 = 0. Let i(q) be the second derivative of q**5/20 - 2*q**4/3 - q**3/3 + 4*q**2 + q. What is i(j)?
-8
Suppose 11*n - 112 + 24 = 0. Let o(y) = y**3 - 7*y**2 - 7*y + 8. Give o(n).
16
Let m(p) = p**3 + 8*p**2 + 5*p - 6. Let n be -2 - -2 - 1 - -25. Suppose 12*k + 60 + n = 0. What is m(k)?
8
Let l(a) = 2*a**2 + 11*a - 2. Let p(v) = 6*v**2 + 32*v - 4. Let j(c) = 8*l(c) - 3*p(c). Give j(-5).
-14
Let u(k) = -k**2 + 17. Let c be -6 + (6 - 7)*-11. Give u(c).
-8
Let d(q) = -21*q**3 - q. Suppose 4*c - 8 = -4*a, 5*a - 4*c - 5 = -4. What is d(a)?
-22
Let u(w) = 2 - w + 3 - 3 + 1. Calculate u(-2).
5
Let t(l) be the third derivative of -l**5/3 + l**4/24 + 20*l**2. What is t(1)?
-19
Let l(w) be the first derivative of -3 - 2/3*w**3 + 2*w**2 - 2*w. What is l(3)?
-8
Let j(u) = 5*u**3 - 2*u - 1. Let s(n) = 4*n - 45. Let l be s(11). What is j(l)?
-4
Let y(d) = -4*d**2 + 3. Let c(i) = -i**2 - i. Let o(r) = 3*c(r) - y(r). Let w(m) = 20*m**2. Let q be w(-1). Suppose -g - 3*g = -q. Give o(g).
7
Let d(y) = y**3 + 6*y**2 - 5*y + 10. Let c be 3 - (3 + 3*-7). Let l = 17 + -14. Suppose -3*s = -l*u + 21, 4*s - s + u = -c. Determine d(s).
-4
Let o(f) = 2 + 456*f**2 - 3 - 457*f**2 + 10*f - 16*f. Calculate o(-7).
-8
Let d(x) = x**3 - 3*x**2 - x + 4. Let b = 147 - 140. Let q(s) = -5*s + 38. Let g be q(b). Calculate d(g).
1
Let i(y) be the first derivative of -3*y**2/2 - 4*y + 1. Let v(w) = -1 + 0 - 19*w + 18*w + 0. Let a(b) = i(b) - 2*v(b). What is a(-6)?
4
Let i be 1 + 1 + 2 + -36. Let n = 24 + i. Let t(h) = h**2 + 7*h - 8. What is t(n)?
0
Let y(d) = 2*d**3 - 2*d**2 + d - 6. Let o be y(0). Let v(z) be the third derivative of -z**4/24 - 4*z**3/3 + 2*z**2. Give v(o).
-2
Suppose -8*k = -11*k - k. Suppose 0 = -3*z + 6. Let a(d) = 7*d**3 + 2*d + 11. Let b(q) = -3*q**3 - q - 6. Let r(y) = z*a(y) + 5*b(y). What is r(k)?
-8
Let u(f) be the second derivative of -f**4/12 - f**3/6 - f**2/2 - 2*f. Let a(c) = -4*c + 10. Let k be a(-11). Let g = -56 + k. What is u(g)?
-3
Let o(n) = n**2 + n + 5. Let l(x) = 6*x**2 + 4*x + 26. Let i(f) = 2*l(f) - 11*o(f). Suppose q + 5*k = 19, 2*q + k = -q + 15. Suppose -4 = -2*w + q. Give i(w).
1
Let d(i) = 0 - 10*i + 1 + 2 + 7 - 6. What is d(1)?
-6
Suppose 3*r + 43 = 4*p, -4*p - r + 38 + 1 = 0. Let k(v) = -v**3 + 11*v**2 - 14*v + 24. Determine k(p).
-16
Let s(g) = g. Suppose v - 4*r = -4, -r - 3*r - 12 = v. Let n = v + 8. Calculate s(n).
0
Let g be 234/30 - 4/(-20). Let l(t) = t**3 - 9*t**2 + 5*t + 7. What is l(g)?
-17
Let v(p) = 236*p + 4 - 3 - 237*p. Suppose -2*b - 5 = -b. What is v(b)?
6
Let j(a) = 3*a**2 - 1 - a**2 - a**2 - a. Let n = 19178 + -19174. Determine j(n).
11
Let p(f) = -223 + 0*f**2 + 228 + f - f**2. Calculate p(-3).
-7
Let c(j) be the first derivative of j**2/2 - 12*j - 406. Determine c(10).
-2
Let s(k) = k**3 + 5*k**2 - 6*k. Let h be (-6)/(-15) + 24/15. Let j be 1/(-2)*32/(-4). Let a be 2 - (10 - (j - h)). What is s(a)?
0
Let h be -2 + (2 - -1)/3. Suppose 2*g - 12 = 8. Let l(i) = -4 + 5 - g*i - 2. Determine l(h).
9
Suppose -27*o = -31*o + 48. Let n(r) = r + 1. Give n(o).
13
Let a(k) = -k**2 + 12. Suppose 23*b = 5*b - 17*b. Calculate a(b).
12
Suppose 3*v + 3*f = 27, -2*f + 5*f = 2*v - 3. Let t(h) be the second derivative of -h**5/20 + 5*h**4/12 + 5*h**3/6 + 110*h + 1. Determine t(v).
-6
Let i(p) = -617 + 4*p**2 + 617 + 10*p - 5*p**2. Calculate i(10).
0
Let f(l) be the second derivative of -l**4/12 + l**3 - l**2/2 - 2*l. Let w be 200/(-12) - 12/9. Let k = w - -24. Calculate f(k).
-1
Suppose -4*f = -f + 69. Let l = 23 + f. Let a(x) = x - 6. What is a(l)?
-6
Let t = -13 - -8. Let c = 15 + -12. Let u(k) = 2*k**2 - 3*k - 5*k + 1 - 3*k**2 + c*k. Give u(t).
1
Suppose -8*l = -30 - 18. Let o(q) = q**2. Let m(d) = 5*d**2 - 8*d + 6. Let h(y) = -m(y) + 4*o(y). What is h(l)?
6
Let g(i) = i**2 - 12*i + 10. Let s(b) = 10*b - 82. Let c be s(9). What is g(c)?
-22
Let w(u) = -6*u + 6. Let h(o) = o + 1. Suppose 0 = 23*l - 27*l + 4. Let m(v) = l*w(v) + 5*h(v). Suppose -a + 2*a + 8 = s, 3*a = -6. Calculate m(s).
5
Let w(s) be the first derivative of s**2/2 - 9*s - 6. Let o(j) = -6*j + 46. Let u(l) = -2*o(l) - 11*w(l). Let q be 5/10 + 11/(-2). Give u(q).
2
Let n(q) = 2*q**3 - q**2 + q + 1. Let l(t) = -t**2 - 12*t + 31. Let v be l(-9). Suppose 50 = 8*c + v. What is n(c)?
-3
Suppose 0 = -5*w + 2*b - 22, -14 - 5 = 5*w + b. Let c(m) be the second derivative of m**4/12 + m**3/2 + 356*m. Determine c(w).
4
Let y(b) = -7*b + 4. Suppose -5*o = -8*o - 5*k + 29, 4*k - 25 = -3*o. Calculate y(o).
-17
Let i(v) = -v**2 - 8*v - 6. Let g(q) = -4*q + 82. Let k be g(22). Calculate i(k).
6
Let l(h) = h + 1. Let s(y) = -y**3 - 7*y**2 + 7*y + 13. Let c = -11 - -15. Let z(q) = c*l(q) - s(q). What is z(-7)?
12
Let z be (-8 + 8)*1/2*-1. Suppose 2 = -2*r - z. Let o(i) = -5*i + 1. Give o(r).
6
Let m(r) = -r**3 - 6*r**2 + 11*r + 9. Let n(z) = z**3 + 7*z**2 - 10*z - 10. Let i(u) = -3*m(u) - 2*n(u). What is i(-6)?
-1
Suppose 2*v + 5 = 3*v. Let c(s) = s + 188*s**2 + s**3 - 2*s + v*s - 182*s**2 - 4. Calculate c(-5).
1
Let z = -2 + 3. Let i = 2 + z. Let m(g) = 4*g**3 - 16*g**2 + 20*g - 34. Let t(j) = -j**3 + 4*j**2 - 5*j + 8. Let o(h) = 2*m(h) + 9*t(h). Calculate o(i).
-2
Let y(x) be the third derivative of -5*x**4/24 - x**3/3 + x**2. Suppose -3*r + 29 = -3*l + r, 0 = -l - 2*r + 7. Determine y(l).
13
Let t(d) = d**3 - 6*d**2 + 4*d - 2. Suppose -5*h - 33 + 183 = 0. Let v = -26 + h. Suppose -v*x + 8*x - 17 = -q, 4 = 2*x + 2*q. Give t(x).
-7
Let k(n) = -5*n + 784 - 27*n**2 - 765 - 3*n**3 + 4*n**2. Let p(v) = -v**3 - 11*v**2 - 2*v + 10. Let f(m) = 2*k(m) - 5*p(m). What is f(9)?
-12
Let o = 32 - 29. Suppose 0 = i - o*i. Let p be i + (-1 - -1) - 4. Let x(f) = -f**3 - 4*f**2 + 1. What is x(p)?
1
Let r(d) = -4*d + 4. Suppose 0*o = 4*o - a + 20, 2*o = -4*a - 10. Let q be r(o). Let c(x) = 0*x - q*x**2 + 1 + 25*x**2 + 5*x. Calculate c(-4).
-3
Suppose 4*w = j - 2, -2*w = w - j + 1. Let h(x) = -x**2 - 3*x + 7. Let n(m) = 1. Let c(v) = w*h(v) + 3*n(v). Give c(-4).
0
Let o(q) = -q + 8. Let v be o(4). Suppose -4*i + 4 = -v*z, 0 = 3*i - 4*i + 3*z - 9. Let x(y) = y**2 - 6*y - 5. Give x(i).
-5
Suppose -5*b - 27 = 23. Let p(k) = -3*k - 12. Calculate p(b).
18
Let s(x) be the second derivative of x**4/12 + x**3/2 + x**2 + x - 173. Determine s(-4).
6
Let k(r) be the first derivative of 34*r**3/3 - r**2/2 + 54. Determine k(1).
33
Let v(q) = -3 - q**2 + 0*q + 1 + q. Let p be v(0). Let b(d) be the first derivative of -d**2 - 3*d - 764. Calculate b(p).
1
Let p(y) be the second derivative of y**4/3 - y**3/3 + y**2 + 89*y. Calculate p(1).
4
Let t(s) = s + 13. Let a(j) = -j**3 + 4*j**2 + 18*j + 7. Let u be a(7). Give t(u).
-1
Let u(l) = -l - 2. Suppose -i + 6 + 15 = 0. Suppose -4*x = -4*c + 28, 3*x - c + 3*c + i = 0. Determine u(x).
5
Let f(q) = 2*q + 3. Suppose 5*y + g - 13 = -0*y, -3*y - 4*g + 1 = 0. Suppose 6 + 39 = -y*k. Let u = k - -12. What is f(u)?
-3
Let